{"id":1061,"date":"2017-09-12T11:47:57","date_gmt":"2017-09-12T09:47:57","guid":{"rendered":"http:\/\/osdobje.splet.arnes.si\/?page_id=1061"},"modified":"2026-01-21T08:50:30","modified_gmt":"2026-01-21T07:50:30","slug":"jeziki-stejejo","status":"publish","type":"page","link":"https:\/\/osdobje.splet.arnes.si\/?page_id=1061","title":{"rendered":"Jeziki \u0161tejejo"},"content":{"rendered":"<p>Na O\u0160 Dobje in v vrtcu smo za obdobje petih let (2017 do 2022) partner v projektu <em>Razvoj in udejanjanje inovativnih u\u010dnih okolij in pro\u017enih oblik u\u010denja za dvig splo\u0161nih kompetenc<\/em>, ki ga vodi Pedago\u0161ka fakulteta v Ljubljani, ki je uspe\u0161no pridobila sredstva na razpisu Ministrstva za izobra\u017eevanje, znanost in \u0161port.<\/p>\n<p>Glavni namen projekta je \u0161iriti spoznanja o ve\u010djezi\u010dnosti ter \u0161iriti strpnost in medkulturni dialog.<\/p>\n<p>Omenjeni cilji so vklju\u010deni v ure rednega pouka, septembra pa organiziramo dan dejavnosti, s katerim obele\u017eujemo Evropski dan jezikov, ki je sicer 26. septembra.<\/p>\n<p>V okviru projekta deluje tudi ve\u010djezi\u010dni spletni portal, ki je dostopen na <a href=\"https:\/\/www.jeziki-stejejo.si\/\">https:\/\/www.jeziki-stejejo.si\/<\/a> ter facebook skupina <a href=\"https:\/\/www.facebook.com\/search\/top?q=jeziki%20%C5%A1tejejo\">Jeziki \u0161tejejo<\/a>. Namenjeni sta star\u0161em, u\u010dencem ter ostali zainteresirani javnosti.<\/p>\n<p><strong><i>Projekt <a href=\"https:\/\/www.jeziki-stejejo.si\/\">Jeziki \u0161tejejo<\/a> sofinancirata <a href=\"http:\/\/www.eu-skladi.si\/\">Evropski socialni sklad<\/a> ter <a href=\"http:\/\/www.mizs.gov.si\">Ministrstvo za izobra\u017eevanje, znanost in \u0161port<\/a><\/i>.&nbsp;<\/strong><\/p>\n\n\n<figure class=\"wp-block-gallery has-nested-images columns-default is-cropped wp-block-gallery-1 is-layout-flex wp-block-gallery-is-layout-flex\">\n<figure class=\"wp-block-image size-large\"><img loading=\"lazy\" decoding=\"async\" width=\"230\" height=\"98\" data-id=\"2787\" src=\"https:\/\/osdobje.splet.arnes.si\/files\/2021\/09\/eu-1.jpg\" alt=\"\" class=\"wp-image-2787\" \/><figcaption class=\"wp-element-caption\"><a href=\"http:\/\/www.eu-skladi.si\/\">http:\/\/www.eu-skladi.si\/<\/a><\/figcaption><\/figure>\n\n\n\n<figure class=\"wp-block-image size-large\"><img loading=\"lazy\" decoding=\"async\" width=\"230\" height=\"98\" data-id=\"2788\" src=\"https:\/\/osdobje.splet.arnes.si\/files\/2021\/09\/mizs.png\" alt=\"\" class=\"wp-image-2788\" \/><figcaption class=\"wp-element-caption\"><a href=\"http:\/\/www.mizs.gov.si\">http:\/\/www.mizs.gov.si<\/a><\/figcaption><\/figure>\n\n\n\n<figure class=\"wp-block-image size-large\"><img loading=\"lazy\" decoding=\"async\" width=\"230\" height=\"98\" data-id=\"2789\" src=\"https:\/\/osdobje.splet.arnes.si\/files\/2021\/09\/ul-1.jpg\" alt=\"\" class=\"wp-image-2789\" \/><\/figure>\n<\/figure>\n\n\n\n<p><\/p>\n","protected":false},"excerpt":{"rendered":"<p>Na O\u0160 Dobje in v vrtcu smo za obdobje petih let (2017 do 2022) partner v projektu Razvoj in udejanjanje inovativnih u\u010dnih okolij in pro\u017enih oblik u\u010denja za dvig splo\u0161nih kompetenc, ki ga vodi Pedago\u0161ka fakulteta v Ljubljani, ki je &hellip; <a href=\"https:\/\/osdobje.splet.arnes.si\/?page_id=1061\">Beri naprej <span class=\"meta-nav\">&rarr;<\/span><\/a><\/p>\n","protected":false},"author":2420,"featured_media":0,"parent":0,"menu_order":0,"comment_status":"closed","ping_status":"closed","template":"","meta":{"ngg_post_thumbnail":0,"footnotes":""},"class_list":["post-1061","page","type-page","status-publish","hentry"],"_links":{"self":[{"href":"https:\/\/osdobje.splet.arnes.si\/index.php?rest_route=\/wp\/v2\/pages\/1061","targetHints":{"allow":["GET"]}}],"collection":[{"href":"https:\/\/osdobje.splet.arnes.si\/index.php?rest_route=\/wp\/v2\/pages"}],"about":[{"href":"https:\/\/osdobje.splet.arnes.si\/index.php?rest_route=\/wp\/v2\/types\/page"}],"author":[{"embeddable":true,"href":"https:\/\/osdobje.splet.arnes.si\/index.php?rest_route=\/wp\/v2\/users\/2420"}],"replies":[{"embeddable":true,"href":"https:\/\/osdobje.splet.arnes.si\/index.php?rest_route=%2Fwp%2Fv2%2Fcomments&post=1061"}],"version-history":[{"count":9,"href":"https:\/\/osdobje.splet.arnes.si\/index.php?rest_route=\/wp\/v2\/pages\/1061\/revisions"}],"predecessor-version":[{"id":4461,"href":"https:\/\/osdobje.splet.arnes.si\/index.php?rest_route=\/wp\/v2\/pages\/1061\/revisions\/4461"}],"wp:attachment":[{"href":"https:\/\/osdobje.splet.arnes.si\/index.php?rest_route=%2Fwp%2Fv2%2Fmedia&parent=1061"}],"curies":[{"name":"wp","href":"https:\/\/api.w.org\/{rel}","templated":true}]}}

Jeziki štejejo

<p>Na OŠ Dobje in v vrtcu smo za obdobje petih let (2017 do 2022) partner v projektu <em>Razvoj in udejanjanje inovativnih učnih okolij in prožnih oblik učenja za dvig splošnih kompetenc</em>, ki ga vodi Pedagoška fakulteta v Ljubljani, ki je uspešno pridobila sredstva na razpisu Ministrstva za izobraževanje, znanost in šport.</p>
<p>Glavni namen projekta je širiti spoznanja o večjezičnosti ter širiti strpnost in medkulturni dialog.</p>
<p>Omenjeni cilji so vključeni v ure rednega pouka, septembra pa organiziramo dan dejavnosti, s katerim obeležujemo Evropski dan jezikov, ki je sicer 26. septembra.</p>
<p>V okviru projekta deluje tudi večjezični spletni portal, ki je dostopen na <a href="https://www.jeziki-stejejo.si/">https://www.jeziki-stejejo.si/</a> ter facebook skupina <a href="https://www.facebook.com/search/top?q=jeziki%20%C5%A1tejejo">Jeziki štejejo</a>. Namenjeni sta staršem, učencem ter ostali zainteresirani javnosti.</p>
<p><strong><i>Projekt <a href="https://www.jeziki-stejejo.si/">Jeziki štejejo</a> sofinancirata <a href="http://www.eu-skladi.si/">Evropski socialni sklad</a> ter <a href="http://www.mizs.gov.si">Ministrstvo za izobraževanje, znanost in šport</a></i>.&nbsp;</strong></p>


<figure class="wp-block-gallery has-nested-images columns-default is-cropped wp-block-gallery-1 is-layout-flex wp-block-gallery-is-layout-flex">
<figure class="wp-block-image size-large"><img loading="lazy" decoding="async" width="230" height="98" data-id="2787" src="https://osdobje.splet.arnes.si/files/2021/09/eu-1.jpg" alt="" class="wp-image-2787" /><figcaption class="wp-element-caption"><a href="http://www.eu-skladi.si/">http://www.eu-skladi.si/</a></figcaption></figure>



<figure class="wp-block-image size-large"><img loading="lazy" decoding="async" width="230" height="98" data-id="2788" src="https://osdobje.splet.arnes.si/files/2021/09/mizs.png" alt="" class="wp-image-2788" /><figcaption class="wp-element-caption"><a href="http://www.mizs.gov.si">http://www.mizs.gov.si</a></figcaption></figure>



<figure class="wp-block-image size-large"><img loading="lazy" decoding="async" width="230" height="98" data-id="2789" src="https://osdobje.splet.arnes.si/files/2021/09/ul-1.jpg" alt="" class="wp-image-2789" /></figure>
</figure>



<p></p>

<p>Na OŠ Dobje in v vrtcu smo za obdobje petih let (2017 do 2022) partner v projektu Razvoj in udejanjanje inovativnih učnih okolij in prožnih oblik učenja za dvig splošnih kompetenc, ki ga vodi Pedagoška fakulteta v Ljubljani, ki je &hellip; <a href="https://osdobje.splet.arnes.si/?page_id=1061">Beri naprej <span class="meta-nav">&rarr;</span></a></p>
